[INFO] cloning repository https://github.com/aisrael/tokio-influxdb
[INFO] running `Command { std: "git" "-c" "credential.helper=" "-c" "credential.helper=/workspace/cargo-home/bin/git-credential-null" "clone" "--bare" "https://github.com/aisrael/tokio-influxdb" "/workspace/cache/git-repos/https%3A%2F%2Fgithub.com%2Faisrael%2Ftokio-influxdb", kill_on_drop: false }`
[INFO] [stderr] Cloning into bare repository '/workspace/cache/git-repos/https%3A%2F%2Fgithub.com%2Faisrael%2Ftokio-influxdb'...
[INFO] running `Command { std: "git" "rev-parse" "HEAD", kill_on_drop: false }`
[INFO] [stdout] 7c870b423ff9263389bd94fc718aa345e4fccf6c
[INFO] checking aisrael/tokio-influxdb against master#af3c6e733a40e671550e0f0f5aeecaa13772ba56 for pr-74989
[INFO] running `Command { std: "git" "clone" "/workspace/cache/git-repos/https%3A%2F%2Fgithub.com%2Faisrael%2Ftokio-influxdb" "/workspace/builds/worker-2/source", kill_on_drop: false }`
[INFO] [stderr] Cloning into '/workspace/builds/worker-2/source'...
[INFO] [stderr] done.
[INFO] validating manifest of git repo https://github.com/aisrael/tokio-influxdb on toolchain af3c6e733a40e671550e0f0f5aeecaa13772ba56
[INFO] running `Command { std: "/workspace/cargo-home/bin/cargo" "+af3c6e733a40e671550e0f0f5aeecaa13772ba56" "read-manifest" "--manifest-path" "Cargo.toml", kill_on_drop: false }`
[INFO] started tweaking git repo https://github.com/aisrael/tokio-influxdb
[INFO] removed path dependency influxdb from git repo https://github.com/aisrael/tokio-influxdb
[INFO] finished tweaking git repo https://github.com/aisrael/tokio-influxdb
[INFO] tweaked toml for git repo https://github.com/aisrael/tokio-influxdb written to /workspace/builds/worker-2/source/Cargo.toml
[INFO] crate git repo https://github.com/aisrael/tokio-influxdb already has a lockfile, it will not be regenerated
[INFO] running `Command { std: "/workspace/cargo-home/bin/cargo" "+af3c6e733a40e671550e0f0f5aeecaa13772ba56" "fetch" "--locked" "--manifest-path" "Cargo.toml", kill_on_drop: false }`
[INFO] [stderr] warning: dependency (influxdb) specified without providing a local path, Git repository, or version to use. This will be considered an error in future versions
[INFO] [stderr]     Blocking waiting for file lock on package cache
[INFO] [stderr]     Updating crates.io index
[INFO] [stderr] error: the lock file /workspace/builds/worker-2/source/Cargo.lock needs to be updated but --locked was passed to prevent this
[INFO] [stderr] If you want to try to generate the lock file without accessing the network, use the --offline flag.
[INFO] the lockfile is outdated, regenerating it
[INFO] running `Command { std: "/workspace/cargo-home/bin/cargo" "+af3c6e733a40e671550e0f0f5aeecaa13772ba56" "generate-lockfile" "--manifest-path" "Cargo.toml" "-Zno-index-update", kill_on_drop: false }`
[INFO] [stderr]     Blocking waiting for file lock on package cache
[INFO] running `Command { std: "/workspace/cargo-home/bin/cargo" "+af3c6e733a40e671550e0f0f5aeecaa13772ba56" "fetch" "--locked" "--manifest-path" "Cargo.toml", kill_on_drop: false }`
[INFO] [stderr] warning: dependency (influxdb) specified without providing a local path, Git repository, or version to use. This will be considered an error in future versions
[INFO] [stderr]     Blocking waiting for file lock on package cache
[INFO] [stderr]     Blocking waiting for file lock on package cache
[INFO] running `Command { std: "docker" "create" "-v" "/var/lib/crater-agent-workspace/builds/worker-2/target:/opt/rustwide/target:rw,Z" "-v" "/var/lib/crater-agent-workspace/builds/worker-2/source:/opt/rustwide/workdir:ro,Z" "-v" "/var/lib/crater-agent-workspace/cargo-home:/opt/rustwide/cargo-home:ro,Z" "-v" "/var/lib/crater-agent-workspace/rustup-home:/opt/rustwide/rustup-home:ro,Z" "-e" "SOURCE_DIR=/opt/rustwide/workdir" "-e" "CARGO_TARGET_DIR=/opt/rustwide/target" "-e" "CARGO_HOME=/opt/rustwide/cargo-home" "-e" "RUSTUP_HOME=/opt/rustwide/rustup-home" "-w" "/opt/rustwide/workdir" "-m" "1610612736" "--user" "0:0" "--network" "none" "rustops/crates-build-env@sha256:d92eaeed33fa75130ca1ee6c8a01d1ffb62bac859dfdfb3450e3e5d1c0146529" "/opt/rustwide/cargo-home/bin/cargo" "+af3c6e733a40e671550e0f0f5aeecaa13772ba56" "metadata" "--no-deps" "--format-version=1", kill_on_drop: false }`
[INFO] [stdout] e4fbf5980884f485411f46f899b3a01b8e68b185154753ee6d03e8c61875319c
[INFO] [stderr] WARNING: Your kernel does not support swap limit capabilities or the cgroup is not mounted. Memory limited without swap.
[INFO] running `Command { std: "docker" "start" "-a" "e4fbf5980884f485411f46f899b3a01b8e68b185154753ee6d03e8c61875319c", kill_on_drop: false }`
[INFO] running `Command { std: "docker" "inspect" "e4fbf5980884f485411f46f899b3a01b8e68b185154753ee6d03e8c61875319c", kill_on_drop: false }`
[INFO] running `Command { std: "docker" "rm" "-f" "e4fbf5980884f485411f46f899b3a01b8e68b185154753ee6d03e8c61875319c", kill_on_drop: false }`
[INFO] [stdout] e4fbf5980884f485411f46f899b3a01b8e68b185154753ee6d03e8c61875319c
[INFO] running `Command { std: "docker" "create" "-v" "/var/lib/crater-agent-workspace/builds/worker-2/target:/opt/rustwide/target:rw,Z" "-v" "/var/lib/crater-agent-workspace/builds/worker-2/source:/opt/rustwide/workdir:ro,Z" "-v" "/var/lib/crater-agent-workspace/cargo-home:/opt/rustwide/cargo-home:ro,Z" "-v" "/var/lib/crater-agent-workspace/rustup-home:/opt/rustwide/rustup-home:ro,Z" "-e" "SOURCE_DIR=/opt/rustwide/workdir" "-e" "CARGO_TARGET_DIR=/opt/rustwide/target" "-e" "CARGO_INCREMENTAL=0" "-e" "RUST_BACKTRACE=full" "-e" "RUSTFLAGS=--cap-lints=forbid" "-e" "CARGO_HOME=/opt/rustwide/cargo-home" "-e" "RUSTUP_HOME=/opt/rustwide/rustup-home" "-w" "/opt/rustwide/workdir" "-m" "1610612736" "--user" "0:0" "--network" "none" "rustops/crates-build-env@sha256:d92eaeed33fa75130ca1ee6c8a01d1ffb62bac859dfdfb3450e3e5d1c0146529" "/opt/rustwide/cargo-home/bin/cargo" "+af3c6e733a40e671550e0f0f5aeecaa13772ba56" "check" "--frozen" "--all" "--all-targets" "--message-format=json", kill_on_drop: false }`
[INFO] [stdout] 69fcce1d068b07d8e6df55c26382c408c6f7836a605548fe59711f4918ce6898
[INFO] [stderr] WARNING: Your kernel does not support swap limit capabilities or the cgroup is not mounted. Memory limited without swap.
[INFO] running `Command { std: "docker" "start" "-a" "69fcce1d068b07d8e6df55c26382c408c6f7836a605548fe59711f4918ce6898", kill_on_drop: false }`
[INFO] [stderr] warning: dependency (influxdb) specified without providing a local path, Git repository, or version to use. This will be considered an error in future versions
[INFO] [stderr]    Compiling autocfg v1.0.1
[INFO] [stderr]    Compiling proc-macro2 v1.0.21
[INFO] [stderr]    Compiling unicode-xid v0.2.1
[INFO] [stderr]     Checking fnv v1.0.7
[INFO] [stderr]     Checking futures-core v0.3.5
[INFO] [stderr]    Compiling proc-macro-nested v0.1.6
[INFO] [stderr]     Checking futures-sink v0.3.5
[INFO] [stderr]    Compiling version_check v0.9.2
[INFO] [stderr]    Compiling proc-macro-hack v0.5.18
[INFO] [stderr]     Checking itoa v0.4.6
[INFO] [stderr]    Compiling serde_derive v1.0.116
[INFO] [stderr]     Checking pin-utils v0.1.0
[INFO] [stderr]     Checking futures-io v0.3.5
[INFO] [stderr]     Checking pin-project-lite v0.1.7
[INFO] [stderr]    Compiling openssl v0.10.30
[INFO] [stderr]    Compiling serde v1.0.116
[INFO] [stderr]     Checking hashbrown v0.9.0
[INFO] [stderr]     Checking tinyvec v0.3.4
[INFO] [stderr]     Checking try-lock v0.2.3
[INFO] [stderr]    Compiling ryu v1.0.5
[INFO] [stderr]    Compiling encoding_rs v0.8.24
[INFO] [stderr]     Checking gimli v0.22.0
[INFO] [stderr]    Compiling serde_json v1.0.57
[INFO] [stderr]     Checking adler v0.2.3
[INFO] [stderr]     Checking dtoa v0.4.6
[INFO] [stderr]     Checking object v0.20.0
[INFO] [stderr]     Checking regex-syntax v0.6.18
[INFO] [stderr]     Checking ipnet v2.3.0
[INFO] [stderr]     Checking tracing-core v0.1.16
[INFO] [stderr]     Checking thread_local v1.0.1
[INFO] [stderr]     Checking futures-task v0.3.5
[INFO] [stderr]     Checking tokio-sync v0.1.8
[INFO] [stderr]     Checking futures-channel v0.3.5
[INFO] [stderr]     Checking http v0.2.1
[INFO] [stderr]     Checking unicode-normalization v0.1.13
[INFO] [stderr]     Checking log v0.4.11
[INFO] [stderr]    Compiling unicase v2.6.0
[INFO] [stderr]     Checking aho-corasick v0.7.13
[INFO] [stderr]     Checking iovec v0.1.4
[INFO] [stderr]     Checking net2 v0.2.35
[INFO] [stderr]     Checking num_cpus v1.13.0
[INFO] [stderr]     Checking time v0.1.44
[INFO] [stderr]     Checking socket2 v0.3.15
[INFO] [stderr]    Compiling crossbeam-utils v0.7.2
[INFO] [stderr]    Compiling openssl-sys v0.9.58
[INFO] [stderr]    Compiling memoffset v0.5.5
[INFO] [stderr]    Compiling indexmap v1.6.0
[INFO] [stderr]    Compiling crossbeam-epoch v0.8.2
[INFO] [stderr]    Compiling miniz_oxide v0.4.2
[INFO] [stderr]    Compiling num-traits v0.2.12
[INFO] [stderr]    Compiling num-integer v0.1.43
[INFO] [stderr]     Checking want v0.3.0
[INFO] [stderr]     Checking bytes v0.4.12
[INFO] [stderr]     Checking tracing v0.1.19
[INFO] [stderr]     Checking mio v0.6.22
[INFO] [stderr]    Compiling quote v1.0.7
[INFO] [stderr]     Checking parking_lot_core v0.6.2
[INFO] [stderr]     Checking idna v0.2.0
[INFO] [stderr]     Checking tokio-io v0.1.13
[INFO] [stderr]    Compiling syn v1.0.40
[INFO] [stderr]     Checking parking_lot v0.9.0
[INFO] [stderr]    Compiling mime_guess v2.0.3
[INFO] [stderr]     Checking tokio-executor v0.1.10
[INFO] [stderr]     Checking crossbeam-queue v0.2.3
[INFO] [stderr]    Compiling native-tls v0.2.4
[INFO] [stderr]     Checking tokio v0.2.22
[INFO] [stderr]     Checking mio-uds v0.6.8
[INFO] [stderr]     Checking url v2.1.1
[INFO] [stderr]     Checking tokio-codec v0.1.2
[INFO] [stderr]     Checking tokio-reactor v0.1.12
[INFO] [stderr]     Checking tokio-current-thread v0.1.7
[INFO] [stderr]     Checking tokio-timer v0.2.13
[INFO] [stderr]     Checking crossbeam-deque v0.7.3
[INFO] [stderr]     Checking http-body v0.3.1
[INFO] [stderr]     Checking tokio-tcp v0.1.4
[INFO] [stderr]     Checking tokio-uds v0.2.7
[INFO] [stderr]     Checking tokio-udp v0.1.6
[INFO] [stderr]     Checking tokio-threadpool v0.1.18
[INFO] [stderr]     Checking regex v1.3.9
[INFO] [stderr]     Checking addr2line v0.13.0
[INFO] [stderr]     Checking tokio-fs v0.1.7
[INFO] [stderr]     Checking tokio v0.1.22
[INFO] [stderr]     Checking backtrace v0.3.50
[INFO] [stderr]     Checking tokio-util v0.3.1
[INFO] [stderr]     Checking tokio-tls v0.3.1
[INFO] [stderr]    Compiling synstructure v0.12.4
[INFO] [stderr]    Compiling pin-project-internal v0.4.23
[INFO] [stderr]    Compiling futures-macro v0.3.5
[INFO] [stderr]    Compiling failure_derive v0.1.8
[INFO] [stderr]     Checking failure v0.1.8
[INFO] [stderr]     Checking pin-project v0.4.23
[INFO] [stderr]     Checking futures-util v0.3.5
[INFO] [stderr]     Checking h2 v0.2.6
[INFO] [stderr]     Checking futures-executor v0.3.5
[INFO] [stderr]     Checking futures v0.3.5
[INFO] [stderr]     Checking serde_urlencoded v0.6.1
[INFO] [stderr]     Checking chrono v0.4.15
[INFO] [stderr]     Checking hyper v0.13.7
[INFO] [stderr]     Checking hyper-tls v0.4.3
[INFO] [stderr]     Checking reqwest v0.10.8
[INFO] [stderr]     Checking influxdb v0.1.0
[INFO] [stderr]     Checking tokio-influxdb v0.1.0 (/opt/rustwide/workdir)
[INFO] [stdout] error[E0432]: unresolved import `influxdb::client::InfluxDbClient`
[INFO] [stdout]  --> src/main.rs:2:5
[INFO] [stdout]   |
[INFO] [stdout] 2 | use influxdb::client::InfluxDbClient;
[INFO] [stdout]   |     ^^^^^^^^^^^^^^^^^^^^^^^^^^^^^^^^ no `InfluxDbClient` in `client`
[INFO] [stdout] 
[INFO] [stdout] 
[INFO] [stdout] error[E0432]: unresolved import `influxdb::client::InfluxDbClient`
[INFO] [stdout]  --> src/main.rs:2:5
[INFO] [stdout]   |
[INFO] [stdout] 2 | use influxdb::client::InfluxDbClient;
[INFO] [stdout]   |     ^^^^^^^^^^^^^^^^^^^^^^^^^^^^^^^^ no `InfluxDbClient` in `client`
[INFO] [stdout] 
[INFO] [stdout] 
[INFO] [stdout] error[E0432]: unresolved import `influxdb::query::InfluxDbQuery`
[INFO] [stdout]  --> src/main.rs:3:23
[INFO] [stdout]   |
[INFO] [stdout] 3 | use influxdb::query::{InfluxDbQuery, Timestamp};
[INFO] [stdout]   |                       ^^^^^^^^^^^^^ no `InfluxDbQuery` in `query`
[INFO] [stdout] 
[INFO] [stdout] 
[INFO] [stdout] error[E0432]: unresolved import `influxdb::query::InfluxDbQuery`
[INFO] [stdout]  --> src/main.rs:3:23
[INFO] [stdout]   |
[INFO] [stdout] 3 | use influxdb::query::{InfluxDbQuery, Timestamp};
[INFO] [stdout]   |                       ^^^^^^^^^^^^^ no `InfluxDbQuery` in `query`
[INFO] [stdout] 
[INFO] [stdout] 
[INFO] [stdout] error[E0603]: module `client` is private
[INFO] [stdout]   --> src/main.rs:2:15
[INFO] [stdout]    |
[INFO] [stdout] 2  | use influxdb::client::InfluxDbClient;
[INFO] [stdout]    |               ^^^^^^ private module
[INFO] [stdout]    |
[INFO] [stdout] note: the module `client` is defined here
[INFO] [stdout]   --> /opt/rustwide/cargo-home/registry/src/github.com-1ecc6299db9ec823/influxdb-0.1.0/src/lib.rs:80:1
[INFO] [stdout]    |
[INFO] [stdout] 80 | mod client;
[INFO] [stdout]    | ^^^^^^^^^^^
[INFO] [stdout] 
[INFO] [stdout] 
[INFO] [stdout] error[E0603]: module `query` is private
[INFO] [stdout]   --> src/main.rs:3:15
[INFO] [stdout]    |
[INFO] [stdout] 3  | use influxdb::query::{InfluxDbQuery, Timestamp};
[INFO] [stdout]    |               ^^^^^ private module
[INFO] [stdout]    |
[INFO] [stdout] note: the module `query` is defined here
[INFO] [stdout]   --> /opt/rustwide/cargo-home/registry/src/github.com-1ecc6299db9ec823/influxdb-0.1.0/src/lib.rs:82:1
[INFO] [stdout]    |
[INFO] [stdout] 82 | mod query;
[INFO] [stdout]    | ^^^^^^^^^^
[INFO] [stdout] 
[INFO] [stdout] 
[INFO] [stdout] error[E0603]: module `client` is private
[INFO] [stdout]   --> src/main.rs:2:15
[INFO] [stdout]    |
[INFO] [stdout] 2  | use influxdb::client::InfluxDbClient;
[INFO] [stdout]    |               ^^^^^^ private module
[INFO] [stdout]    |
[INFO] [stdout] note: the module `client` is defined here
[INFO] [stdout]   --> /opt/rustwide/cargo-home/registry/src/github.com-1ecc6299db9ec823/influxdb-0.1.0/src/lib.rs:80:1
[INFO] [stdout]    |
[INFO] [stdout] 80 | mod client;
[INFO] [stdout]    | ^^^^^^^^^^^
[INFO] [stdout] 
[INFO] [stdout] 
[INFO] [stdout] error[E0603]: module `query` is private
[INFO] [stdout]   --> src/main.rs:3:15
[INFO] [stdout]    |
[INFO] [stdout] 3  | use influxdb::query::{InfluxDbQuery, Timestamp};
[INFO] [stdout]    |               ^^^^^ private module
[INFO] [stdout]    |
[INFO] [stdout] note: the module `query` is defined here
[INFO] [stdout]   --> /opt/rustwide/cargo-home/registry/src/github.com-1ecc6299db9ec823/influxdb-0.1.0/src/lib.rs:82:1
[INFO] [stdout]    |
[INFO] [stdout] 82 | mod query;
[INFO] [stdout]    | ^^^^^^^^^^
[INFO] [stdout] 
[INFO] [stdout] 
[INFO] [stdout] warning: unused import: `futures::future`
[INFO] [stdout]  --> src/main.rs:1:5
[INFO] [stdout]   |
[INFO] [stdout] 1 | use futures::future::*;
[INFO] [stdout]   |     ^^^^^^^^^^^^^^^
[INFO] [stdout]   |
[INFO] [stdout]   = note: `#[warn(unused_imports)]` on by default
[INFO] [stdout] 
[INFO] [stdout] 
[INFO] [stdout] error: aborting due to 4 previous errors; 1 warning emitted
[INFO] [stdout] 
[INFO] [stdout] 
[INFO] [stdout] Some errors have detailed explanations: E0432, E0603.
[INFO] [stdout] 
[INFO] [stdout] For more information about an error, try `rustc --explain E0432`.
[INFO] [stdout] 
[INFO] [stderr] error: could not compile `tokio-influxdb`.
[INFO] [stderr] 
[INFO] [stderr] To learn more, run the command again with --verbose.
[INFO] [stderr] warning: build failed, waiting for other jobs to finish...
[INFO] [stdout] warning: unused import: `futures::future`
[INFO] [stdout]  --> src/main.rs:1:5
[INFO] [stdout]   |
[INFO] [stdout] 1 | use futures::future::*;
[INFO] [stdout]   |     ^^^^^^^^^^^^^^^
[INFO] [stdout]   |
[INFO] [stdout]   = note: `#[warn(unused_imports)]` on by default
[INFO] [stdout] 
[INFO] [stdout] 
[INFO] [stdout] error: aborting due to 4 previous errors; 1 warning emitted
[INFO] [stdout] 
[INFO] [stdout] 
[INFO] [stdout] Some errors have detailed explanations: E0432, E0603.
[INFO] [stdout] 
[INFO] [stdout] For more information about an error, try `rustc --explain E0432`.
[INFO] [stdout] 
[INFO] [stderr] error: build failed
[INFO] running `Command { std: "docker" "inspect" "69fcce1d068b07d8e6df55c26382c408c6f7836a605548fe59711f4918ce6898", kill_on_drop: false }`
[INFO] running `Command { std: "docker" "rm" "-f" "69fcce1d068b07d8e6df55c26382c408c6f7836a605548fe59711f4918ce6898", kill_on_drop: false }`
[INFO] [stdout] 69fcce1d068b07d8e6df55c26382c408c6f7836a605548fe59711f4918ce6898
